{"id":189,"date":"2013-03-27T17:59:36","date_gmt":"2013-03-27T17:59:36","guid":{"rendered":"http:\/\/www.leclandesroutiers.fr\/?page_id=189"},"modified":"2013-04-02T15:43:05","modified_gmt":"2013-04-02T15:43:05","slug":"les-regions-2","status":"publish","type":"page","link":"https:\/\/www.leclandesroutiers.fr\/?page_id=189","title":{"rendered":"Les r\u00e9gions (2)"},"content":{"rendered":"<p>Nos r\u00e9gions et ses rubriques<\/p>\n<p><a href=\"http:\/\/www.leclandesroutiers.fr\/?page_id=82\"><img loading=\"lazy\" decoding=\"async\" class=\"size-full wp-image-227 alignnone\" alt=\"alsace\" src=\"http:\/\/www.leclandesroutiers.fr\/wp-content\/uploads\/2013\/03\/alsace.jpg\" width=\"250\" height=\"113\" \/><\/a><a href=\"http:\/\/www.leclandesroutiers.fr\/?page_id=90\"><img loading=\"lazy\" decoding=\"async\" class=\"size-full wp-image-228 alignnone\" alt=\"aquitaine\" src=\"http:\/\/www.leclandesroutiers.fr\/wp-content\/uploads\/2013\/03\/aquitaine.jpg\" width=\"250\" height=\"113\" \/><br \/>\n<\/a><a href=\"http:\/\/www.leclandesroutiers.fr\/wp-content\/uploads\/2013\/03\/auvergne-camion.jpg\"><img loading=\"lazy\" decoding=\"async\" class=\"alignnone size-full wp-image-230\" alt=\"auvergne-camion\" src=\"http:\/\/www.leclandesroutiers.fr\/wp-content\/uploads\/2013\/03\/auvergne-camion.jpg\" width=\"250\" height=\"113\" \/><\/a><a href=\"http:\/\/www.leclandesroutiers.fr\/wp-content\/uploads\/2013\/03\/bourogne.jpg\"><img loading=\"lazy\" decoding=\"async\" class=\"alignnone size-full wp-image-231\" alt=\"bourogne\" src=\"http:\/\/www.leclandesroutiers.fr\/wp-content\/uploads\/2013\/03\/bourogne.jpg\" width=\"250\" height=\"113\" \/><\/a><br \/>\n<a href=\"http:\/\/www.leclandesroutiers.fr\/?page_id=70\"><img loading=\"lazy\" decoding=\"async\" class=\"alignnone size-full wp-image-232\" alt=\"bretagne-camion\" src=\"http:\/\/www.leclandesroutiers.fr\/wp-content\/uploads\/2013\/03\/bretagne-camion.jpg\" width=\"250\" height=\"113\" \/><\/a><a href=\"http:\/\/www.leclandesroutiers.fr\/?page_id=80\"><img loading=\"lazy\" decoding=\"async\" class=\"alignnone size-full wp-image-234\" alt=\"camion-centre\" src=\"http:\/\/www.leclandesroutiers.fr\/wp-content\/uploads\/2013\/03\/camion-centre.jpg\" width=\"250\" height=\"113\" \/><\/a><a href=\"http:\/\/www.leclandesroutiers.fr\/wp-content\/uploads\/2013\/03\/camion-champagne-ardennes.jpg\"><img loading=\"lazy\" decoding=\"async\" class=\"alignnone size-full wp-image-235\" alt=\"camion-champagne-ardennes\" src=\"http:\/\/www.leclandesroutiers.fr\/wp-content\/uploads\/2013\/03\/camion-champagne-ardennes.jpg\" width=\"250\" height=\"113\" \/><\/a><a href=\"http:\/\/www.leclandesroutiers.fr\/wp-content\/uploads\/2013\/03\/franche-comte-camion.jpg\"><img loading=\"lazy\" decoding=\"async\" class=\"alignnone size-full wp-image-237\" alt=\"franche-comte-camion\" src=\"http:\/\/www.leclandesroutiers.fr\/wp-content\/uploads\/2013\/03\/franche-comte-camion.jpg\" width=\"250\" height=\"113\" \/><\/a><br \/>\n<a style=\"font-style: normal; line-height: 24px;\" href=\"http:\/\/www.leclandesroutiers.fr\/?page_id=98\"><img loading=\"lazy\" decoding=\"async\" class=\"alignnone size-full wp-image-239\" alt=\"camion-languedoc-roussillon\" src=\"http:\/\/www.leclandesroutiers.fr\/wp-content\/uploads\/2013\/03\/camion-languedoc-roussillon.jpg\" width=\"250\" height=\"113\" \/><\/a><a style=\"font-style: normal; line-height: 24px;\" href=\"http:\/\/www.leclandesroutiers.fr\/?page_id=76\"><img loading=\"lazy\" decoding=\"async\" class=\"alignnone size-full wp-image-238\" alt=\"camion-ile-de-france\" src=\"http:\/\/www.leclandesroutiers.fr\/wp-content\/uploads\/2013\/03\/camion-ile-de-france.jpg\" width=\"250\" height=\"113\" \/><\/a><br \/>\n<a href=\"http:\/\/www.leclandesroutiers.fr\/?page_id=84\"><img loading=\"lazy\" decoding=\"async\" class=\"alignnone size-full wp-image-240\" alt=\"camion-limousin\" src=\"http:\/\/www.leclandesroutiers.fr\/wp-content\/uploads\/2013\/03\/camion-limousin.jpg\" width=\"250\" height=\"113\" \/><\/a><a href=\"http:\/\/www.leclandesroutiers.fr\/wp-content\/uploads\/2013\/03\/camion-loraine.jpg\"><img loading=\"lazy\" decoding=\"async\" class=\"alignnone size-full wp-image-241\" alt=\"camion-loraine\" src=\"http:\/\/www.leclandesroutiers.fr\/wp-content\/uploads\/2013\/03\/camion-loraine.jpg\" width=\"250\" height=\"113\" \/><\/a><br \/>\n<a href=\"http:\/\/www.leclandesroutiers.fr\/?page_id=96\"><img loading=\"lazy\" decoding=\"async\" class=\"alignnone size-full wp-image-242\" alt=\"camion-midi-pyrenees\" src=\"http:\/\/www.leclandesroutiers.fr\/wp-content\/uploads\/2013\/03\/camion-midi-pyrenees.jpg\" width=\"250\" height=\"113\" \/><\/a><a href=\"http:\/\/www.leclandesroutiers.fr\/?page_id=67\"><img loading=\"lazy\" decoding=\"async\" class=\"alignnone size-full wp-image-243\" alt=\"camion-nord-pas-de-calais\" src=\"http:\/\/www.leclandesroutiers.fr\/wp-content\/uploads\/2013\/03\/camion-nord-pas-de-calais.jpg\" width=\"250\" height=\"113\" \/><\/a><br \/>\n<a href=\"http:\/\/www.leclandesroutiers.fr\/?page_id=69\"><img loading=\"lazy\" decoding=\"async\" class=\"alignnone size-full wp-image-244\" alt=\"camion-normandie\" src=\"http:\/\/www.leclandesroutiers.fr\/wp-content\/uploads\/2013\/03\/camion-normandie.jpg\" width=\"250\" height=\"113\" \/><\/a><a href=\"http:\/\/www.leclandesroutiers.fr\/?page_id=74\"><img loading=\"lazy\" decoding=\"async\" class=\"alignnone size-full wp-image-245\" alt=\"camion-pays-loire\" src=\"http:\/\/www.leclandesroutiers.fr\/wp-content\/uploads\/2013\/03\/camion-pays-loire.jpg\" width=\"250\" height=\"113\" \/><\/a><br \/>\n<a href=\"http:\/\/www.leclandesroutiers.fr\/wp-content\/uploads\/2013\/03\/camion-picardie.jpg\"><img loading=\"lazy\" decoding=\"async\" class=\"alignnone size-full wp-image-246\" alt=\"camion-picardie\" src=\"http:\/\/www.leclandesroutiers.fr\/wp-content\/uploads\/2013\/03\/camion-picardie.jpg\" width=\"250\" height=\"113\" \/><\/a><a href=\"http:\/\/www.leclandesroutiers.fr\/?page_id=92\"><img loading=\"lazy\" decoding=\"async\" class=\"alignnone size-full wp-image-247\" alt=\"camion-poitou-charentes\" src=\"http:\/\/www.leclandesroutiers.fr\/wp-content\/uploads\/2013\/03\/camion-poitou-charentes.jpg\" width=\"250\" height=\"113\" \/><\/a><br \/>\n<a href=\"http:\/\/www.leclandesroutiers.fr\/?page_id=100\"><img loading=\"lazy\" decoding=\"async\" class=\"alignnone size-full wp-image-248\" alt=\"camion-paca\" src=\"http:\/\/www.leclandesroutiers.fr\/wp-content\/uploads\/2013\/03\/camion-paca.jpg\" width=\"250\" height=\"113\" \/><\/a><a href=\"http:\/\/www.leclandesroutiers.fr\/?page_id=88\"><img loading=\"lazy\" decoding=\"async\" class=\"alignnone size-full wp-image-249\" alt=\"camion-rhone-alpes\" src=\"http:\/\/www.leclandesroutiers.fr\/wp-content\/uploads\/2013\/03\/camion-rhone-alpes.jpg\" width=\"250\" height=\"113\" \/><\/a><br \/>\n<a href=\"http:\/\/www.leclandesroutiers.fr\/?page_id=86\"><img loading=\"lazy\" decoding=\"async\" class=\"alignnone size-full wp-image-250\" alt=\"camion-corse\" src=\"http:\/\/www.leclandesroutiers.fr\/wp-content\/uploads\/2013\/03\/camion-corse.jpg\" width=\"250\" height=\"113\" \/><\/a><\/p>\n<p>&nbsp;<\/p>\n<p>Comme vous avez pu le constater certaines r\u00e9gions ont \u00e9t\u00e9 regroupes avec d\u2019autres ceci pour une seule raison afin que les responsables r\u00e9gionaux soient \u00e9gaux dans leurs taches, ceux-ci seront secondes par des responsables d\u00e9partementaux et de leur \u00e9quipe respective afin de promouvoir leur r\u00e9gion d\u2019origine, car le but est l\u00e0 on peut \u00eatre bourguignon, alsacien, breton, auvergnat nous avons tous un point qui nous relie entre nous \u00ab\u00a0l\u2019amour de r\u00e9gion natale\u00a0\u00bb<\/p>\n<p style=\"text-align: justify;\">Pour cela chaque r\u00e9gion aura le m\u00eame but promouvoir et d\u00e9fendre sa r\u00e9gion en permettant a tous les adh\u00e9rents du clan de la d\u00e9couvrir et de profiter de ses richesses quelles soient (culturelles, culinaires avec ses sp\u00e9cialit\u00e9s et sa cuisine), professionnelles ou d\u2019ordre familial<\/p>\n<p style=\"text-align: justify;\">Pour cela\u00a0 chaque r\u00e9gion pourra indiquer les restos, les itin\u00e9raires professionnels, les sites culturels, les points vacanciers avantageux (camping, chambres d\u2019h\u00f4tes, etc.) et d\u00e9velopperont un r\u00e9seau de partenariat avec des commer\u00e7ants, des producteurs locaux, de professionnels (optique, pneumatique, garage, etc.) afin de faire profiter et vivre ais\u00e9ment nos familles<\/p>\n<p style=\"text-align: justify;\">De plus, ceux-ci pourront indiquer les routes \u00e0 \u00e9viter en p\u00e9riode estival ou hivernal, ils pourront aussi indiquer les entreprises avec acc\u00e8s\u00a0 particulier ou sous d autre nom (le top n\u2019est ce pas quand on passe plusieurs fois devant une entreprise dont le nom est diff\u00e9rent que celui qui a \u00e9t\u00e9 donn\u00e9 a votre affr\u00e9teur)<\/p>\n<p style=\"text-align: justify;\">Et pour finir chaque adh\u00e9rent aura une plaque avec notre blason pour pouvoir se\u00a0reconna\u00eetre\u00a0pour simplement s\u2019entraider ou passer un bon moment entre nous au restaurant<\/p>\n<p style=\"text-align: justify;\">Mais je vous rassure nous aurons aussi le m\u00eame point commun m\u00eame si la France et ses merveilleuses r\u00e9gions sont toutes belles et merveilleuses la notre celle qui nous a vus\u00a0na\u00eetre\u00a0ou grandir restera a nos yeux et a notre c\u0153ur \u00ab\u00a0la plus jolie et la plus agr\u00e9able \u00e0 vivre\u00a0\u00bb<\/p>\n","protected":false},"excerpt":{"rendered":"<p>Nos r\u00e9gions et ses rubriques &nbsp; Comme vous avez pu le constater certaines r\u00e9gions ont \u00e9t\u00e9 regroupes avec d\u2019autres ceci pour une seule raison afin que les responsables r\u00e9gionaux soient \u00e9gaux dans leurs taches, ceux-ci seront secondes par des responsables &hellip; <a href=\"https:\/\/www.leclandesroutiers.fr\/?page_id=189\">Continuer la lecture <span class=\"meta-nav\">&rarr;<\/span><\/a><\/p>\n","protected":false},"author":1,"featured_media":0,"parent":0,"menu_order":0,"comment_status":"closed","ping_status":"open","template":"","meta":{"footnotes":""},"class_list":["post-189","page","type-page","status-publish","hentry"],"_links":{"self":[{"href":"https:\/\/www.leclandesroutiers.fr\/index.php?rest_route=\/wp\/v2\/pages\/189","targetHints":{"allow":["GET"]}}],"collection":[{"href":"https:\/\/www.leclandesroutiers.fr\/index.php?rest_route=\/wp\/v2\/pages"}],"about":[{"href":"https:\/\/www.leclandesroutiers.fr\/index.php?rest_route=\/wp\/v2\/types\/page"}],"author":[{"embeddable":true,"href":"https:\/\/www.leclandesroutiers.fr\/index.php?rest_route=\/wp\/v2\/users\/1"}],"replies":[{"embeddable":true,"href":"https:\/\/www.leclandesroutiers.fr\/index.php?rest_route=%2Fwp%2Fv2%2Fcomments&post=189"}],"version-history":[{"count":16,"href":"https:\/\/www.leclandesroutiers.fr\/index.php?rest_route=\/wp\/v2\/pages\/189\/revisions"}],"predecessor-version":[{"id":196,"href":"https:\/\/www.leclandesroutiers.fr\/index.php?rest_route=\/wp\/v2\/pages\/189\/revisions\/196"}],"wp:attachment":[{"href":"https:\/\/www.leclandesroutiers.fr\/index.php?rest_route=%2Fwp%2Fv2%2Fmedia&parent=189"}],"curies":[{"name":"wp","href":"https:\/\/api.w.org\/{rel}","templated":true}]}}

Les régions (2)

<p>Nos régions et ses rubriques</p>
<p><a href="http://www.leclandesroutiers.fr/?page_id=82"><img loading="lazy" decoding="async" class="size-full wp-image-227 alignnone" alt="alsace" src="http://www.leclandesroutiers.fr/wp-content/uploads/2013/03/alsace.jpg" width="250" height="113" /></a><a href="http://www.leclandesroutiers.fr/?page_id=90"><img loading="lazy" decoding="async" class="size-full wp-image-228 alignnone" alt="aquitaine" src="http://www.leclandesroutiers.fr/wp-content/uploads/2013/03/aquitaine.jpg" width="250" height="113" /><br />
</a><a href="http://www.leclandesroutiers.fr/wp-content/uploads/2013/03/auvergne-camion.jpg"><img loading="lazy" decoding="async" class="alignnone size-full wp-image-230" alt="auvergne-camion" src="http://www.leclandesroutiers.fr/wp-content/uploads/2013/03/auvergne-camion.jpg" width="250" height="113" /></a><a href="http://www.leclandesroutiers.fr/wp-content/uploads/2013/03/bourogne.jpg"><img loading="lazy" decoding="async" class="alignnone size-full wp-image-231" alt="bourogne" src="http://www.leclandesroutiers.fr/wp-content/uploads/2013/03/bourogne.jpg" width="250" height="113" /></a><br />
<a href="http://www.leclandesroutiers.fr/?page_id=70"><img loading="lazy" decoding="async" class="alignnone size-full wp-image-232" alt="bretagne-camion" src="http://www.leclandesroutiers.fr/wp-content/uploads/2013/03/bretagne-camion.jpg" width="250" height="113" /></a><a href="http://www.leclandesroutiers.fr/?page_id=80"><img loading="lazy" decoding="async" class="alignnone size-full wp-image-234" alt="camion-centre" src="http://www.leclandesroutiers.fr/wp-content/uploads/2013/03/camion-centre.jpg" width="250" height="113" /></a><a href="http://www.leclandesroutiers.fr/wp-content/uploads/2013/03/camion-champagne-ardennes.jpg"><img loading="lazy" decoding="async" class="alignnone size-full wp-image-235" alt="camion-champagne-ardennes" src="http://www.leclandesroutiers.fr/wp-content/uploads/2013/03/camion-champagne-ardennes.jpg" width="250" height="113" /></a><a href="http://www.leclandesroutiers.fr/wp-content/uploads/2013/03/franche-comte-camion.jpg"><img loading="lazy" decoding="async" class="alignnone size-full wp-image-237" alt="franche-comte-camion" src="http://www.leclandesroutiers.fr/wp-content/uploads/2013/03/franche-comte-camion.jpg" width="250" height="113" /></a><br />
<a style="font-style: normal; line-height: 24px;" href="http://www.leclandesroutiers.fr/?page_id=98"><img loading="lazy" decoding="async" class="alignnone size-full wp-image-239" alt="camion-languedoc-roussillon" src="http://www.leclandesroutiers.fr/wp-content/uploads/2013/03/camion-languedoc-roussillon.jpg" width="250" height="113" /></a><a style="font-style: normal; line-height: 24px;" href="http://www.leclandesroutiers.fr/?page_id=76"><img loading="lazy" decoding="async" class="alignnone size-full wp-image-238" alt="camion-ile-de-france" src="http://www.leclandesroutiers.fr/wp-content/uploads/2013/03/camion-ile-de-france.jpg" width="250" height="113" /></a><br />
<a href="http://www.leclandesroutiers.fr/?page_id=84"><img loading="lazy" decoding="async" class="alignnone size-full wp-image-240" alt="camion-limousin" src="http://www.leclandesroutiers.fr/wp-content/uploads/2013/03/camion-limousin.jpg" width="250" height="113" /></a><a href="http://www.leclandesroutiers.fr/wp-content/uploads/2013/03/camion-loraine.jpg"><img loading="lazy" decoding="async" class="alignnone size-full wp-image-241" alt="camion-loraine" src="http://www.leclandesroutiers.fr/wp-content/uploads/2013/03/camion-loraine.jpg" width="250" height="113" /></a><br />
<a href="http://www.leclandesroutiers.fr/?page_id=96"><img loading="lazy" decoding="async" class="alignnone size-full wp-image-242" alt="camion-midi-pyrenees" src="http://www.leclandesroutiers.fr/wp-content/uploads/2013/03/camion-midi-pyrenees.jpg" width="250" height="113" /></a><a href="http://www.leclandesroutiers.fr/?page_id=67"><img loading="lazy" decoding="async" class="alignnone size-full wp-image-243" alt="camion-nord-pas-de-calais" src="http://www.leclandesroutiers.fr/wp-content/uploads/2013/03/camion-nord-pas-de-calais.jpg" width="250" height="113" /></a><br />
<a href="http://www.leclandesroutiers.fr/?page_id=69"><img loading="lazy" decoding="async" class="alignnone size-full wp-image-244" alt="camion-normandie" src="http://www.leclandesroutiers.fr/wp-content/uploads/2013/03/camion-normandie.jpg" width="250" height="113" /></a><a href="http://www.leclandesroutiers.fr/?page_id=74"><img loading="lazy" decoding="async" class="alignnone size-full wp-image-245" alt="camion-pays-loire" src="http://www.leclandesroutiers.fr/wp-content/uploads/2013/03/camion-pays-loire.jpg" width="250" height="113" /></a><br />
<a href="http://www.leclandesroutiers.fr/wp-content/uploads/2013/03/camion-picardie.jpg"><img loading="lazy" decoding="async" class="alignnone size-full wp-image-246" alt="camion-picardie" src="http://www.leclandesroutiers.fr/wp-content/uploads/2013/03/camion-picardie.jpg" width="250" height="113" /></a><a href="http://www.leclandesroutiers.fr/?page_id=92"><img loading="lazy" decoding="async" class="alignnone size-full wp-image-247" alt="camion-poitou-charentes" src="http://www.leclandesroutiers.fr/wp-content/uploads/2013/03/camion-poitou-charentes.jpg" width="250" height="113" /></a><br />
<a href="http://www.leclandesroutiers.fr/?page_id=100"><img loading="lazy" decoding="async" class="alignnone size-full wp-image-248" alt="camion-paca" src="http://www.leclandesroutiers.fr/wp-content/uploads/2013/03/camion-paca.jpg" width="250" height="113" /></a><a href="http://www.leclandesroutiers.fr/?page_id=88"><img loading="lazy" decoding="async" class="alignnone size-full wp-image-249" alt="camion-rhone-alpes" src="http://www.leclandesroutiers.fr/wp-content/uploads/2013/03/camion-rhone-alpes.jpg" width="250" height="113" /></a><br />
<a href="http://www.leclandesroutiers.fr/?page_id=86"><img loading="lazy" decoding="async" class="alignnone size-full wp-image-250" alt="camion-corse" src="http://www.leclandesroutiers.fr/wp-content/uploads/2013/03/camion-corse.jpg" width="250" height="113" /></a></p>
<p>&nbsp;</p>
<p>Comme vous avez pu le constater certaines régions ont été regroupes avec d’autres ceci pour une seule raison afin que les responsables régionaux soient égaux dans leurs taches, ceux-ci seront secondes par des responsables départementaux et de leur équipe respective afin de promouvoir leur région d’origine, car le but est là on peut être bourguignon, alsacien, breton, auvergnat nous avons tous un point qui nous relie entre nous « l’amour de région natale »</p>
<p style="text-align: justify;">Pour cela chaque région aura le même but promouvoir et défendre sa région en permettant a tous les adhérents du clan de la découvrir et de profiter de ses richesses quelles soient (culturelles, culinaires avec ses spécialités et sa cuisine), professionnelles ou d’ordre familial</p>
<p style="text-align: justify;">Pour cela  chaque région pourra indiquer les restos, les itinéraires professionnels, les sites culturels, les points vacanciers avantageux (camping, chambres d’hôtes, etc.) et développeront un réseau de partenariat avec des commerçants, des producteurs locaux, de professionnels (optique, pneumatique, garage, etc.) afin de faire profiter et vivre aisément nos familles</p>
<p style="text-align: justify;">De plus, ceux-ci pourront indiquer les routes à éviter en période estival ou hivernal, ils pourront aussi indiquer les entreprises avec accès  particulier ou sous d autre nom (le top n’est ce pas quand on passe plusieurs fois devant une entreprise dont le nom est différent que celui qui a été donné a votre affréteur)</p>
<p style="text-align: justify;">Et pour finir chaque adhérent aura une plaque avec notre blason pour pouvoir se reconnaître pour simplement s’entraider ou passer un bon moment entre nous au restaurant</p>
<p style="text-align: justify;">Mais je vous rassure nous aurons aussi le même point commun même si la France et ses merveilleuses régions sont toutes belles et merveilleuses la notre celle qui nous a vus naître ou grandir restera a nos yeux et a notre cœur « la plus jolie et la plus agréable à vivre »</p>

<p>Nos régions et ses rubriques &nbsp; Comme vous avez pu le constater certaines régions ont été regroupes avec d’autres ceci pour une seule raison afin que les responsables régionaux soient égaux dans leurs taches, ceux-ci seront secondes par des responsables &hellip; <a href="https://www.leclandesroutiers.fr/?page_id=189">Continuer la lecture <span class="meta-nav">&rarr;</span></a></p>
